. Give m(-290).
2
Let j(u) = u**2 + 2389*u - 16762. Calculate j(7).
10
Let c(z) = -z**3 - 22*z**2 + 61*z + 40. Calculate c(-24).
-272
Let z(b) = -b**3 + 9*b**2 + 70*b + 31. Determine z(14).
31
Let y(r) = -r**3 - 30*r**2 + 460*r - 1420. Calculate y(5).
5
Let b(a) = -1661*a + 34853. Give b(21).
-28
Let n(l) = l**3 + 75*l**2 - 114*l - 2932. What is n(-76)?
-44
Let v(t) = -t**3 - 12*t**2 + 2*t - 144. Determine v(-13).
-1
Let n(d) = 20*d**2 - 11*d + 202. Determine n(-7).
1259
Let x(o) = o**2 + 47*o + 187. Determine x(-43).
15
Let h(r) = -40*r + 469. What is h(12)?
-11
Let m(t) = t**2 - 68*t + 53. Calculate m(67).
-14
Let p(w) = -23*w + 2964. Determine p(133).
-95
Let i(n) = -n**2 - 17*n - 106. Determine i(-8).
-34
Let r(w) = -2*w**3 + 29*w + 87. Determine r(-4).
99
Let v(n) = 13*n**3 + 117*n**2 + 10*n + 7. Determine v(-9).
-83
Let y(h) = -h**2 - 219*h - 878. Determine y(-4).
-18
Let k(x) = 24*x**3 - 12*x**2 - 15*x - 2. Give k(-2).
-212
Let l(d) = -2*d**2 - 4*d + 59. Give l(-14).
-277
Let l(h) = -h**2 - 205*h - 6219. Calculate l(-37).
-3
Let l(j) = -j**3 - 15*j**2 - 15*j + 117. Calculate l(-12).
-135
Let t(i) = -2*i**3 - 171*i**2 - 81*i + 327. Calculate t(-85).
-13
Let n(o) = 9*o**3 - 2*o**2 + 2*o - 4. What is n(2)?
64
Let m(f) = -101*f - 60. Give m(1).
-161
Let v(z) = 3*z**3 - 35*z**2 - 13*z - 14. What is v(12)?
-26
Let i(t) = -2*t**3 + 1057*t - 1058. Calculate i(1).
-3
Let s(n) = n**2 - 15*n - 337. Determine s(-12).
-13
Let o(z) = -z + 284. Give o(25).
259
Let k(d) = -8*d**2 - 477*d - 4158. Give k(-49).
7
Let d(y) = 5*y**3 + 29*y**2 + 28*y - 57. Determine d(1).
5
Let i(m) = -326*m + 42368. Give i(130).
-12
Let n(t) = -t**2 - 1328*t + 13423. What is n(10)?
43
Let n(z) = z**3 + 3*z**2 - 3869*z - 23115. Calculate n(-6).
-9
Let q(u) = -3*u**3 - 96*u**2 + u + 43. Calculate q(-32).
11
Let z(t) = -t**3 + 15*t**2 + 75*t + 16. Determine z(19).
-3
Let p(f) = -178*f**2 + 1780*f + 6. Calculate p(10).
6
Let n(a) = 35*a**3 - 4*a**2 + 3*a - 1. Calculate n(1).
33
Let a(n) = 221*n - 2397. What is a(11)?
34
Let s(x) = -x**2 - 54*x - 37. Determine s(-5).
208
Let h(j) = 2*j**2 + 521*j - 45. What is h(0)?
-45
Let i(v) = 4693*v - 14094. Calculate i(3).
-15
Let c(q) = 78*q + 27. Give c(-2).
-129
Let p(r) = -11*r**3 - 37*r**2 - 30*r + 6. Calculate p(-2).
6
Let o(k) = 6965*k + 55709. Determine o(-8).
-11
Let r(n) = -218*n**2 + 224*n + 2. Calculate r(1).
8
Let n(x) = -2000*x + 3. Give n(0).
3
Let a(i) = -16*i - 1882. Determine a(-115).
-42
Let w(c) = -c**3 - 107*c**2 - 113*c - 709. What is w(-106)?
33
Let g(k) = 21*k**2 + 881*k - 56. What is g(-42)?
-14
Let d(v) = 7*v**2 + 102*v + 319. Give d(-10).
-1
Let n(x) = 22*x + 2663. What is n(-124)?
-65
Let k(g) = -g**3 - 20*g**2 - 2*g - 25. What is k(-20)?
15
Let r(v) = -v**3 - 4*v**2 - 12*v - 10. Calculate r(-8).
342
Let p(m) = 53*m - 3297. Give p(43).
-1018
Let p(b) = 12*b - 148. Give p(8).
-52
Let v(n) = 191*n - 323. What is v(0)?
-323
Let g(b) = -b**3 + 64*b**2 - 489*b + 337. Determine g(8).
9
Let w(p) = 36*p - 3. Give w(-6).
-219
Let i(o) = -2*o**3 - 16*o**2 + 5*o + 45. Determine i(-8).
5
Let s(j) = -286*j + 4560. Give s(16).
-16
Let p(k) = 98*k - 426. Calculate p(4).
-34
Let g(w) = 2*w**3 + 25*w**2 - 103*w - 1259. What is g(-7)?
1
Let z(d) = -15*d**2 - 375*d - 55. What is z(-25)?
-55
Let c(d) = 6*d - 12. Give c(3).
6
Let f(r) = -43*r - 776. Give f(-22).
170
Let y(f) = 145*f - 763. Calculate y(5).
-38
Let w(i) = i**3 - i**2 + 7*i + 7. What is w(-3)?
-50
Let h(i) = -53*i - 332. What is h(-7)?
39
Let n(r) = r**2 + 93*r + 440. Determine n(-5).
0
Let b(z) = -z**3 - 3*z**2 - 83*z - 589. What is b(-6)?
17
Let u(i) = 3*i**2 + 88*i + 439. Calculate u(-19).
-150
Let l(h) = 17*h - 357. Determine l(18).
-51
Let i(n) = 2*n**2 - 21*n - 645. Calculate i(-11).
-172
Let f(m) = -m**3 + m**2 + 8*m - 136. Calculate f(0).
-136
Let n(f) = -218*f - 223. What is n(-1)?
-5
Let r(s) = -2*s**2 + 1403*s + 17051. Give r(-12).
-73
Let l(y) = 9*y**2 - 31*y + 2. Give l(4).
22
Let s(l) = -l**2 + 79*l - 1208. Determine s(16).
-200
Let c(s) = -780*s + 13986. Determine c(18).
-54
Let o(g) = 4*g - 31. Give o(-5).
-51
Let i(r) = 8*r - 345. Determine i(43).
-1
Let m(n) = n**2 - 899*n - 4514. Determine m(-5).
6
Let i(d) = -d**3 + 54*d - 100. What is i(2)?
0
Let q(n) = n**3 - 15*n**2 + 37*n - 6. Calculate q(12).
6
Let v(r) = r**3 + 2*r**2 + 310*r + 937. What is v(-3)?
-2
Let g(y) = -260*y - 12989. Calculate g(-50).
11
Let m(n) = -377*n + 758. Give m(2).
4
Let i(h) = 21*h - 2322. Calculate i(110).
-12
Let r(s) = -2325*s - 20906. Give r(-9).
19
Let y(r) = 2*r**2 + 3466*r - 17381. What is y(5)?
-1
Let l(x) = -x**2 + 384*x + 764. What is l(-2)?
-8
Let k(o) = 21*o - 1606. Give k(84).
158
Let i(a) = -283*a - 580. Calculate i(-1).
-297
Let o(i) = -i**3 + 58*i**2 - 519*i + 103. Determine o(47).
9
Let t(c) = c**3 + 70*c**2 - 144*c - 3. What is t(-72)?
-3
Let i(m) = m + 8. Give i(-1).
7
Let h(p) = p**3 - 8*p**2 + 7*p + 59. What is h(6)?
29
Let k(p) = -31*p**2 + 3*p - 6. Calculate k(1).
-34
Let d(v) = -248*v - 5223. Determine d(-21).
-15
Let t(y) = 3*y**3 - 13*y**2 + 6*y + 8. Determine t(4).
16
Let w(t) = 638*t + 29. Give w(0).
29
Let p(g) = -3*g + 66. What is p(15)?
21
Let l(m) = 27*m - 923. Give l(31).
-86
Let x(q) = -q**2 + 89*q + 29885. Give x(-134).
3
Let o(u) = u**2 - 51*u + 635. What is o(19)?
27
Let u(l) = 3*l**3 - 29*l**2 + 40*l - 36. Give u(8).
-36
Let d(s) = 80*s**2 - 8*s + 42. Determine d(4).
1290
Let d(v) = -v**3 - 21*v**2 - 10*v + 101. Give d(-20).
-99
Let u(o) = -50*o**2 - 41*o - 4. Calculate u(-1).
-13
Let y(u) = 5*u**3 - 31*u**2 + 22*u - 18. What is y(5)?
-58
Let t(s) = 29*s**2 - 61*s + 53. What is t(1)?
21
Let q(s) = s**2 - 369*s + 15106. Determine q(47).
-28
Let i(v) = v**3 + 3*v**2 - 8*v + 14. What is i(0)?
14
Let j(v) = v**2 - 404*v + 4693. Give j(12).
-11
Let h(k) = k**3 - 14*k**2 + 24*k + 58. Calculate h(3).
31
Let p(x) = -x**2 + 49*x - 54. What is p(48)?
-6
Let y(f) = 4*f**2 - 177*f - 1131. Calculate y(-6).
75
Let b(s) = -3*s**3 + 45*s**2 + 46*s + 36. What is b(16)?
4
Let t(z) = 2*z**2 - 102*z - 102. What is t(52)?
2
Let i(k) = -61*k**2 - 223*k - 208. What is i(-2)?
-6
Let i(a) = 2*a**2 - 256*a - 1063. Give i(132).
-7
Let d(j) = -168*j - 1537. Give d(-9).
-25
Let n(f) = f**3 - 25*f**2 - 30*f + 106. What is n(26)?
2
Let g(f) = 227*f + 60. Give g(-1).
-167
Let x(z) = z**3 - 8*z**2 + 12*z - 106. Determine x(8).
-10
Let l(i) = 314*i + 2779. Determine l(-8).
267
Let s(c) = -c**3 + 5*c**2 + c + 102. Calculate s(7).
11
Let m(o) = -2*o**2 + 144*o - 622. What is m(67)?
48
Let a(z) = -20*z**3 - 71*z**2 + 33*z - 4. Calculate a(-4).
8
Let v(z) = 1321*z - 11894. Determine v(9).
-5
Let y(p) = 87*p - 264. What is y(3)?
-3
Let k(z) = -1055*z - 7377. Give k(-7).
8
Let n(p) = -253*p - 5090. Give n(-20).
-30
Let l(t) = -3*t**3 - t**2 - 4*t - 6. Determine l(-2).
22
Let y(f) = -1273*f + 1280. Calculate y(1).
7
Let p(c) = c**2 + 29*c - 984. Give p(20).
-4
Let r(v) = -v**3 - 38*v**2 - 261*v - 12. Calculate r(-29).
-12
Let o(g) = g**2 - 26*g + 92. What is o(8)?
-52
Let p(k) = k**3 - 11*k**2 + 59*k - 219. Give p(7).
-2
Let f(s) = -29*s**2 + 3073*s + 109. What is f(106)?
3
Let v(h) = 5*h**2 + 41*h - 421. What is v(7)?
111
Let p(f) = 5*f**2 + 151*f + 1087. What is p(-12)?
-5
Let j(t) = 3*t**2 - 18*t - 16. Calculate j(14).
320
Let u(c) = -6*c - 140. Determine u(-17).
-38
Let z(w) = 288*w - 14115. Calculate z(49).
-3
Let j(f) = 124*f - 1496. Calculate j(11).
-132
Let y(x) = -x + 26. Calculate y(0).
26
Let k(n) = -19*n**2 - 58*n + 243. Calculate k(4).
-293
Let r(p) = -p**2 + 7142*p - 106910. What is r(15)?
-5
Let k(v) = -14*v - 412. What is k(-29)?
-6
Let x(h) = h**2 - 33*h + 262. Give x(19).
-4
Let d(l) = 185*l - 5413. Determine d(30).
137
Let n(z) = 19*z + 393. Determine n(-6).
279
Let u(a) = 4*a**2 + 86*a + 309. What is u(-17)?
3
Let y(s) = 120*s - 11759. Calculate y(98).
1
Let i(q) = 5*q - 58. Determine i(-3).
-73
Let s(o) = o**2 + 14*o - 23. Calculate s(-16).
9
Let j(f) = -f**2 + 467*f + 1413. Give j(-3).
3
Let v(s) = -190*s - 2503. Give v(-13).
-33
Let p(t) = -39*t**2 + 3*t + 3. What is p(-1)?
-39
Let h(r) = -r**3 + 37*r**2 + 590*r - 83. What is h(49)?
15
Let h(o) = o**3 - o**2 + 12*o + 1. What is h(4)?
97
Let r(q) = -q**2 - 168*q + 691. Determine r(4).
3
Let a(t) = t**